 Determine a(-15).
-5
Let q(l) = -l**3 - 11*l**2 + 18*l + 13. Calculate q(-12).
-59
Let h(a) = -7*a - 74. What is h(-11)?
3
Let d(t) = 4*t**2 - 7*t + 33. Determine d(4).
69
Let j(u) = 3*u + 13. What is j(-10)?
-17
Let g(y) = 4*y**2 + 65*y - 40. Determine g(-17).
11
Let r(u) = -4*u + 6. Give r(4).
-10
Let z(n) = n**2 + 12*n + 67. Determine z(-9).
40
Let o(u) = -10*u**2 + 240*u + 3. Calculate o(24).
3
Let h(t) = 3*t**3 - 9*t**2 - t + 5. What is h(4)?
49
Let l(k) = -k**2 - k - 4. Calculate l(-4).
-16
Let q(h) = h**3 + 4*h**2 - 3. What is q(-4)?
-3
Let g(u) = -3*u - 12. What is g(-10)?
18
Let m(f) = -17*f**2. What is m(1)?
-17
Let b(z) = -z**3 + 18*z**2 + 63*z - 28. Calculate b(21).
-28
Let k(s) = -5*s + 4. Give k(5).
-21
Let w(a) = a**3 + 5*a**2 + 7*a + 12. What is w(-6)?
-66
Let m(i) = -2*i + 36. Determine m(18).
0
Let k(b) = b**2 - 13*b + 8. Determine k(8).
-32
Let f(s) = -7*s**2 + 7*s - 4. Determine f(4).
-88
Let p(l) = -l**3 - 8*l**2 - 2. Determine p(-8).
-2
Let v(z) = z**3 - 11*z**2 - 13*z - 22. Calculate v(12).
-34
Let k(l) = -l**3 + 12*l**2 - 7*l - 9. Give k(11).
35
Let z(d) = 8*d**3 + d**2 + 1. What is z(2)?
69
Let i(f) = -20*f + 71. What is i(4)?
-9
Let w(c) = c**2 + 18*c + 1. What is w(-18)?
1
Let u(q) = q**2 + 13*q + 18. Calculate u(-12).
6
Let k(m) = 3*m**2 - 5. Calculate k(-4).
43
Let z(m) = -2*m**3 + 5*m**2 + 3*m - 17. Calculate z(3).
-17
Let m(k) = 7*k**3 - 3*k**2 + 4*k - 7. Calculate m(2).
45
Let b(p) = -27*p + 60. What is b(2)?
6
Let b(w) = -w**3 + 5*w**2 + 10*w + 3. Determine b(7).
-25
Let n(c) = -3*c - 30. What is n(-14)?
12
Let w(l) = 2*l**2 + 14*l + 42. Give w(-4).
18
Let o(b) = b**2 - 2*b. Determine o(3).
3
Let u(l) = l - 10. Determine u(11).
1
Let k(c) = -3*c + 15. Calculate k(8).
-9
Let q(w) = 3*w - 39. Determine q(14).
3
Let s(b) = b**2 - 3*b - 2. Calculate s(6).
16
Let i(h) = -11*h - 8. What is i(-1)?
3
Let w(y) = 2*y**3 + 2*y**2 + 6*y + 5. Determine w(-2).
-15
Let j(z) = z**3 - 5*z**2 + 7*z - 4. Determine j(3).
-1
Let t(g) = -g + 4. Give t(5).
-1
Let c(w) = 91*w - 88. Calculate c(1).
3
Let x(t) = t**3 - 7*t**2 + 3*t + 2. What is x(7)?
23
Let a(x) = -2*x + 2. Determine a(-4).
10
Let r(m) = -5*m - 8. Determine r(-6).
22
Let i(g) = -g**3 - 9*g**2 - 19*g - 3. Determine i(-6).
3
Let h(k) = -k**3 + 20*k**2 - 22*k + 58. Give h(19).
1
Let f(n) = n**3 - 6*n**2 + 3*n - 10. Calculate f(6).
8
Let a(l) = 2*l - 42. Calculate a(-5).
-52
Let b(o) = -o**2 + 13*o + 14. Determine b(14).
0
Let r(q) = q**3 - 4*q**2 - 7*q - 7. Give r(6).
23
Let o(i) = 4*i - 28. What is o(9)?
8
Let b(w) = -w**2 + 6*w + 2. What is b(5)?
7
Let r(d) = d + 16. Calculate r(-8).
8
Let o(h) = -4*h + 16. Determine o(3).
4
Let l(s) = s**2 + 11*s - 32. What is l(-16)?
48
Let f(r) = r**3 - 6*r**2 - 9*r - 3. Give f(7).
-17
Let m(k) = -9*k**2 + 3*k + 25. What is m(5)?
-185
Let m(n) = -5*n. Give m(-2).
10
Let q(w) = 10*w**3 + w**2 - 2*w - 3. What is q(-1)?
-10
Let k(w) = -5*w - 4. What is k(2)?
-14
Let j(c) = -4*c - 159. What is j(-43)?
13
Let b(g) = -g**2 - g. What is b(-6)?
-30
Let z(k) = 11*k + 285. Calculate z(-26).
-1
Let n(o) = -o**3 + 21*o**2 + o - 15. Calculate n(21).
6
Let k(b) = -b**3 + 10*b**2 + b - 7. What is k(4)?
93
Let r(b) = 2*b**3 + 45*b**2 + 26*b + 91. Calculate r(-22).
3
Let o(k) = 2*k**3 + 9*k**2 + 7*k + 9. Determine o(-4).
-3
Let u(y) = y**3 - 7*y**2 - 9*y + 6. Determine u(8).
-2
Let c(g) = 9*g + 39. Calculate c(-2).
21
Let x(j) = 68*j - 198. Calculate x(3).
6
Let w(j) = -3*j**2 + 57*j - 109. Determine w(2).
-7
Let j(c) = -2*c**2 - 8*c - 6. Calculate j(-4).
-6
Let o(g) = g**2 - 13*g - 7. What is o(11)?
-29
Let z(m) = 23*m - 1502. Give z(65).
-7
Let b(w) = -6*w + 284. Give b(48).
-4
Let p(o) = -5*o - 11. Calculate p(-1).
-6
Let a(q) = q**2 - 53*q - 2. Determine a(53).
-2
Let g(q) = 106*q + 420. Determine g(-4).
-4
Let t(l) = 34*l**2 + 2*l + 2. What is t(-1)?
34
Let m(k) = k**2 + 7*k + 11. What is m(-7)?
11
Let k(l) = -l**2 + 2*l + 6. Give k(3).
3
Let a(u) = u**2 + 10*u + 10. Determine a(-7).
-11
Let g(b) = -19*b + 5. Determine g(-3).
62
Let v(f) = 2*f + 34. Determine v(-16).
2
Let l(u) = u + 23. What is l(-16)?
7
Let v(i) = -3*i**3 + 2*i**2 + i - 4. What is v(3)?
-64
Let j(u) = -12*u + 6. Calculate j(6).
-66
Let g(y) = -7*y + 25. Determine g(4).
-3
Let s(d) = -2*d**2 + 7*d. Give s(5).
-15
Let c(m) = -5*m**2 - m + 2. What is c(-2)?
-16
Let d(r) = -r**3 - 12*r**2 + 1. Give d(-12).
1
Let j(l) = -13*l - 12. Determine j(-1).
1
Let l(y) = y**3 - 3*y**2 + 4*y - 3. Calculate l(3).
9
Let h(v) = 7*v - 156. Give h(24).
12
Let t(d) = d + 16. Determine t(-15).
1
Let k(f) = -f**3 + 16*f**2 + 35*f - 22. Give k(18).
-40
Let z(f) = -26*f**2. Determine z(-1).
-26
Let f(t) = 12*t + 18. Give f(-1).
6
Let s(q) = 6*q + 64. What is s(-11)?
-2
Let a(l) = l - 14. What is a(7)?
-7
Let c(s) = -2*s**3 + 17*s**2 - 11*s + 8. Calculate c(8).
-16
Let i(v) = 4*v - 18. Determine i(-6).
-42
Let u(f) = f**3 - 10*f**2 - 18*f + 78. What is u(11)?
1
Let i(z) = -z**2 + 25*z - 7. Calculate i(25).
-7
Let b(l) = 3*l + 4. Determine b(5).
19
Let n(k) = 41*k - 169. Determine n(4).
-5
Let l(b) = -30*b**3 + 2*b + 1. Give l(-1).
29
Let t(y) = 2*y**2 - 17*y + 2. Give t(8).
-6
Let y(a) = -a**3 - 10*a**2 - 11*a - 15. What is y(-9)?
3
Let n(h) = 30*h - 57. Determine n(4).
63
Let l(s) = s**3 - 28*s**2 - 58*s - 51. Determine l(30).
9
Let w(r) = -122*r - 9. Calculate w(0).
-9
Let i(k) = 9*k - 381. Give i(43).
6
Let d(o) = o - 8. What is d(7)?
-1
Let y(s) = -s**2 - 11*s - 7. Calculate y(-11).
-7
Let u(d) = d**3 - 5*d**2 + 3*d + 7. Give u(5).
22
Let i(d) = -2*d**2 + 46*d + 48. Give i(24).
0
Let a(g) = g**2 - 20*g + 75. What is a(14)?
-9
Let s(p) = p**3 - 2*p**2 + p + 4. Calculate s(4).
40
Let z(i) = -i**3 - 3*i**2 + i + 2. What is z(-2)?
-4
Let t(j) = 2*j**3 + 2*j**2 - 6*j - 8. What is t(-2)?
-4
Let p(h) = h**2 + 4*h - 1. Give p(-5).
4
Let z(q) = -q**2 - 19*q - 27. Give z(-18).
-9
Let k(x) = 18*x + 84. What is k(-5)?
-6
Let l(t) = 10*t**3 + t - 1. Give l(1).
10
Let q(d) = -3*d**3 - 2*d**2 - 2*d. Determine q(-2).
20
Let n(k) = 13*k - 2. What is n(-4)?
-54
Let s(j) = -j**2 + 18*j - 7. Calculate s(21).
-70
Let y(i) = -18*i + 5. Calculate y(-6).
113
Let t(d) = d**2 - 46*d + 164. Give t(4).
-4
Let g(b) = -5*b**3 - 6*b**2 - 2*b + 7. Determine g(1).
-6
Let n(j) = -4*j - 2. What is n(-2)?
6
Let w(c) = 4*c**3 - c**2 + c + 2. Determine w(-1).
-4
Let v(q) = 35*q**3 - q**2 - q - 1. Determine v(-1).
-36
Let w(n) = 86*n - 10. Calculate w(-1).
-96
Let u(g) = g**2 - 28*g + 82. Calculate u(3).
7
Let b(d) = 2*d**2 + 14*d - 4. Give b(-6).
-16
Let n(j) = 19*j + 325. What is n(-17)?
2
Let c(p) = 2*p**3 - 59*p**2 + 31*p - 62. Determine c(29).
-4
Let o(a) = a**3 - 4*a**2 + a + 2. Determine o(4).
6
Let i(b) = b**2 + 7. Determine i(-5).
32
Let x(b) = -b**3 + 16*b**2 + 16*b + 26. Give x(17).
9
Let x(y) = -5*y + 1. Give x(-4).
21
Let m(w) = -w**2 + 19*w - 60. Calculate m(11).
28
Let n(s) = s**3 + 37*s**2 - 68*s + 374. Calculate n(-39).
-16
Let w(k) = -k**3 + 11*k**2 - 10*k - 5. What is w(10)?
-5
Let y(w) = w**3 - 8*w**2 - 8*w. Determine y(9).
9
Let z(u) = -u**3 + u**2 + 4*u - 4. What is z(3)?
-10
Let p(u) = -28*u**2 + 6*u + 3. What is p(-2)?
-121
Let n(o) = -o**2 + 13*o - 40. Determine n(10).
-10
Let y(r) = -2*r**3 + 3*r**2 + r + 4. Determine y(3).
-20
Let a(c) = -c**2 - 7*c - 5. Determine a(-6).
1
Let s(g) = g**3 + 8*g**2 + 3*g - 20. Give s(-7).
8
Let u(v) = v**3 - 4*v**2 - 9*v + 1. What is u(6)?
19
Let g(s) = -2*s**3 + 5*s**2 + 6*s - 7. What is g(3)?
2
Let w(f) = -f**3 + 16*f**2 - 14*f - 3. Determine w(15).
12
Let l(m) = 64*m. Calculate l(-1).
-64
Let z(k) = k + 18. Determine z(-6).
12
Let w(s) = s**2 + 13*s + 18. Calculate w(-12).
6
Let y(o) = -o**3 - 69*o**2 + 147*o + 350. What is y(-71)?
-5
Let b(u) = u**2 - 4*u + 8. Give b(4).
8
Let n(l) = l**3 + 18*l**2 + 14*l - 47. Determine n(-17).
4
Let k(f) = -3*f + 54. Give k(19).
-3
Let m(c) = c**2 - 3*c - 9. What is m(8)?
31
Let v(a) = a**3 + 5*a**2 + 7*a + 6. Give v(-4).
-6
Let v(d) = d**3 + 10*d**2 + 14*d - 11. Calculate v(-8).
5
Let n(c) = -4*c**2 + 46*c + 6. Give n(12).
-18
Let i(w) = w**2 - 25*w - 145. What is i(30)?
5
Let c(n) = -n**2 - 4*n + 15. What is c(-7)?
-6
Let h(s) = s**3 - 7*s**2 + 6*s + 1. Give h(6).
1
Let y(d) = -4*d - 36. Calculate y(-5).
-16
Let o(i) = -2*i**3 + 20*